2187b + 22c1?
23b6c
In base 6, what is -22 + -325042455?
-325042521
In base 14, what is -86b - -1d0c?
1481
In base 5, what is -14132130 - -101422?
-14030203
In base 6, what is -3 + 540250303?
540250300
In base 8, what is -7 - -1703100?
1703071
In base 9, what is 1250858 - -4?
1250863
In base 12, what is 1 + 359133?
359134
In base 4, what is -1000011 + -211110030?
-212110101
In base 4, what is -120301 - -1023323032?
1023202131
In base 3, what is 21000011212122211 - 0?
21000011212122211
In base 8, what is -10671203 - 34?
-10671237
In base 7, what is -16045 + -14631?
-34006
In base 10, what is -24296 + 10499?
-13797
In base 9, what is 13 - 40321184?
-40321171
In base 11, what is 22a7a - -1986?
24955
In base 7, what is -10 - 163221403?
-163221413
In base 7, what is -10 + 13606011?
13606001
In base 2, what is -10 - 111100111101110011100?
-111100111101110011110
In base 15, what is -a3c5 + 1e83?
-8442
In base 12, what is 90 - -26819?
268a9
In base 6, what is 2104233 + 555?
2105232
In base 9, what is -43732 + -15463?
-60305
In base 12, what is 0 + 23a03834?
23a03834
In base 16, what is -3 + 114b4e98?
114b4e95
In base 11, what is -1630a46 + -2?
-1630a48
In base 11, what is -a00a + -29?
-a038
In base 3, what is 221 - -11100220021202?
11100220022200
In base 15, what is -c - -34205?
341e8
In base 8, what is -16616152 + 5?
-16616145
In base 9, what is -3141 - -71315?
67164
In base 9, what is 302776 - 8880?
282786
In base 13, what is 397a52 + -5?
397a4a
In base 13, what is -261 - 11a523?
-11a784
In base 7, what is 16346 + -21036?
-1360
In base 2, what is 1101000111011011110111 + 1001?
1101000111011100000000
In base 8, what is -755704657 - -5?
-755704652
In base 9, what is -3 + 15840045?
15840042
In base 7, what is 246 - -32356?
32635
In base 9, what is -51 - 58411?
-58462
In base 16, what is 179c0 - -e21?
187e1
In base 6, what is 530014 - 301041?
224533
In base 8, what is -1 + 13712376?
13712375
In base 16, what is -19 + -d904fe?
-d90517
In base 4, what is -1200 + 13203332330?
13203331130
In base 9, what is 26018532 + -37?
26018484
In base 8, what is -230047 - 2313?
-232362
In base 4, what is -10010233330 - 2021?
-10010302011
In base 4, what is -122 + 1331131311?
1331131123
In base 14, what is -6b90 + -bda?
-798a
In base 15, what is -8 + 625580?
625577
In base 3, what is -100020100 + -1010122?
-101100222
In base 14, what is 4 + -47471c5?
-47471c1
In base 5, what is -1211103111 + -10?
-1211103121
In base 11, what is -7947521 - 14?
-7947535
In base 6, what is -110 + -115452222?
-115452332
In base 14, what is -3 + 102c7d1b?
102c7d18
In base 13, what is -9 + 14a3c706?
14a3c6ca
In base 6, what is 11431455 - -215?
11432114
In base 4, what is -320302022033 + -112?
-320302022211
In base 12, what is -18b674 + -b11?
-190585
In base 12, what is 5183b4 + 51?
518445
In base 10, what is 31035579 + 9?
31035588
In base 12, what is 178613687 - 4?
178613683
In base 2, what is -111011111011010001000 - 1?
-111011111011010001001
In base 13, what is -1388a77b - -a?
-1388a771
In base 2, what is 11110110101000 + 100000101?
11111010101101
In base 8, what is -5 - 316317100?
-316317105
In base 12, what is 99b - 48a97?
-480b8
In base 16, what is 13cc2 + 5e?
13d20
In base 12, what is 331b536 + 0?
331b536
In base 9, what is 11131 - 27720?
-16578
In base 3, what is -1120001 - -1010200112?
1002010111
In base 12, what is 44 - 4b4a3ba?
-4b4a376
In base 11, what is 881a393 + -2?
881a391
In base 16, what is d95532 - 4?
d9552e
In base 16, what is bf - -485ee6?
485fa5
In base 8, what is -25323622 + -2?
-25323624
In base 16, what is -3b27 - dc6?
-48ed
In base 14, what is 7ba0b - -16?
7ba23
In base 7, what is 231213206 - -1?
231213210
In base 14, what is 2 - d95767?
-d95765
In base 13, what is -84902 - -168?
-84767
In base 11, what is -177a5702 - 5?
-177a5707
In base 8, what is -10665 - -2160?
-6505
In base 2, what is 1000011110011110 + 11011000011010?
1011110110111000
In base 4, what is -3102212313 - -22223?
-3102130030
In base 14, what is -158c + 19b?
-13d1
In base 3, what is -10 + -1001201002102211?
-1001201002102221
In base 7, what is 1303622 - -6053?
1313005
In base 15, what is 6911 - d?
6903
In base 15, what is -4b86 - 7b3?
-5449
In base 12, what is -990 - 184019?
-1849a9
In base 2, what is 10 - 10011100111111101110110111?
-10011100111111101110110101
In base 2, what is -10000011110011011010000000 + 101?
-10000011110011011001111011
In base 8, what is 330 + 2403777?
2404327
In base 16, what is 1f77 + -f0a?
106d
In base 12, what is 1bb88 + 298b?
22957
In base 12, what is 3848540 + -2?
384853a
In base 16, what is 2031 - 8383?
-6352
In base 10, what is -14358695 + -4?
-14358699
In base 9, what is -500 + 261881?
261381
In base 7, what is -3420 + 26313?
22563
In base 6, what is -25 + 3533525?
3533500
In base 15, what is 4e - 83e4?
-8395
In base 13, what is -c5b922 - 0?
-c5b922
In base 12, what is -4a50 + -6236?
-b086
In base 8, what is 1612065320 + -5?
1612065313
In base 15, what is -5 + -1716b4?
-1716b9
In base 9, what is -33370 + -860?
-34340
In base 14, what is -a + -137d9c4?
-137d9d0
In base 11, what is -a504513 + 0?
-a504513
In base 6, what is 11133 + 4102?
15235
In base 9, what is 5 + -8378721?
-8378715
In base 12, what is -4 + -423b290?
-423b294
In base 10, what is -4 + -104652915?
-104652919
In base 12, what is b7392 - -37?
b7409
In base 6, what is -1 - 1025043435?
-1025043440
In base 8, what is -2017137277 - 3?
-2017137302
In base 14, what is -984 + 41375?
407d1
In base 15, what is -11d3db6b + -4?
-11d3db70
In base 2, what is -110101 + 110110110011001?
110110101100100
In base 9, what is -55747614 + -5?
-55747620
In base 14, what is -3 + -8d6c518?
-8d6c51b
In base 16, what is -6ad227 - 3?
-6ad22a
In base 5, what is 4 + 244340420?
244340424
In base 11, what is -1701888 - 21?
-17018a9
In base 7, what is 141442410 - -4?
141442414
In base 12, what is 5 - 30597?
-30592
In base 7, what is -345 + 53302?
52624
In base 6, what is 330535 + -1403?
325132
In base 12, what is 20292 + 98?
2036a
In base 6, what is -5 - -100213232325?
100213232320
In base 5, what is 310 + 22324001?
22324311
In base 11, what is 5069aa8 - 21?
5069a87
In base 13, what is 495b + -309?
4652
In base 4, what is -320002 + 1311111?
331103
In base 13, what is -137883c + -1?
-1378840
In base 10, what is -5 - -505012?
505007
In base 13, what is b67 + 653?
14ba
In base 9, what is -1 + -3637658?
-3637660
In base 3, what is -201 + -1120012000121?
-1120012001022
In base 7, what is 420330222 + -4?
420330215
In base 6, what is 2211 + -153310?
-151055
In base 7, what is -20 - 2043432?
-2043452
In base 5, what is -133200033 - -101?
-133144432
In base 3, what is 20000 - 11012210?
-10222210
In base 2, what is -100011100 - -1000111111111101011?
1000111111011001111
In base 3, what is -1002101022212 - 100200?
-1002101200112
In base 4, what is -31003102 - -110?
-31002332
In base 3, what is 1212011022012 + -11021?
1212011010221
In base 14, what is -19a9a6 - 0?
-19a9a6
In base 2, what is 110011100001001 + 10010111001?
110101111000010
In base 8, what is -157 + 744741?
744562
In base 6, what is 45054051322 + 5?
45054051331
In base 14, what is -91cc + -253?
-9441
In base 3, what is -22011000022222102 - 1?
-22011000022222110
In base 7, what is -1540 - 61652?
-63522
In base 10, what is -9556 - 419?
-9975
In base 11, what is 49a063 - 2?
49a061
In base 3, what is 220010 + -1101221011?
-1101001001
In base 6, what is -11310024 + 2?
-11310022
In base 7, what is 4 + -45156261?
-45156254
In base 6, what is -1504 - 10015515?
-10021423
In base 6, what is -1 + 250131033?
250131032
In base 5, what is -212 - 31000101?
-31000313
In base 14, what is 0 + 5793?
5793
In base 12, what is ab + 15114?
15203
In base 13, what is 111c648 - 3?
111c645
In base 3, what is 1020021201221210 + 120?
1020021201222100
In base 10, what is 0 - -5200142?
5200142
In base 2, what is -10 + 101000100101101111111101001?
101000100101101111111100111
In base 15, what is -1617 + -1b468?
-1ca80
In base 16, what is -42 + -22a391?
-22a3d3
In base 9, what is -285016 - 47?
-285064
In base 7, what is -155013206 - 4?
-155013213
In base 2, what is -1111110 - -1001111010111?
1001101011001
In base 6, what is -24225 + 10451?
-13334
In base 9, what is -23807 - -22664?
-1133
In base 10, what is 1109463 - 